267 is divided by 3625?
17
What is the remainder when 24842619 is divided by 138?
135
What is the remainder when 41564 is divided by 5867?
495
Calculate the remainder when 5737329 is divided by 3303.
18
What is the remainder when 2460382 is divided by 324?
250
What is the remainder when 13828175 is divided by 1975451?
18
Calculate the remainder when 15381137 is divided by 8405.
8392
Calculate the remainder when 246858 is divided by 3476.
62
Calculate the remainder when 302391 is divided by 1526.
243
Calculate the remainder when 428782 is divided by 4218.
2764
What is the remainder when 55516 is divided by 1260?
76
What is the remainder when 92939 is divided by 92245?
694
Calculate the remainder when 1530565 is divided by 13.
10
What is the remainder when 1831319 is divided by 112?
7
Calculate the remainder when 37031 is divided by 12196.
443
Calculate the remainder when 1468013 is divided by 3958.
3553
What is the remainder when 3321876 is divided by 18?
12
Calculate the remainder when 480307 is divided by 30012.
115
What is the remainder when 54570 is divided by 2349?
543
Calculate the remainder when 150076126 is divided by 75038042.
42
Calculate the remainder when 2125717 is divided by 1062707.
303
What is the remainder when 232832623 is divided by 674?
671
What is the remainder when 8110909 is divided by 818?
439
What is the remainder when 1408565270 is divided by 103?
100
What is the remainder when 2971912 is divided by 6116?
5652
What is the remainder when 5423677 is divided by 11?
6
Calculate the remainder when 99768 is divided by 566.
152
Calculate the remainder when 26563 is divided by 572.
251
Calculate the remainder when 607498 is divided by 3946.
3760
Calculate the remainder when 331017 is divided by 60.
57
Calculate the remainder when 7695950 is divided by 219884.
10
What is the remainder when 690657 is divided by 1066?
955
Calculate the remainder when 1387957 is divided by 198159.
844
What is the remainder when 24673 is divided by 691?
488
What is the remainder when 24795 is divided by 6166?
131
Calculate the remainder when 118912 is divided by 14.
10
What is the remainder when 1335844 is divided by 552?
4
What is the remainder when 164653 is divided by 54812?
217
Calculate the remainder when 9838527 is divided by 313.
311
What is the remainder when 7466884 is divided by 311116?
100
What is the remainder when 213163 is divided by 212416?
747
Calculate the remainder when 264603 is divided by 684.
579
Calculate the remainder when 7576474 is divided by 420913.
40
Calculate the remainder when 4012346 is divided by 1337447.
5
Calculate the remainder when 19821 is divided by 17987.
1834
Calculate the remainder when 232038158 is divided by 40.
38
Calculate the remainder when 157855324 is divided by 10.
4
Calculate the remainder when 358905 is divided by 4425.
480
What is the remainder when 34788919 is divided by 17394449?
21
Calculate the remainder when 122206 is divided by 10149.
418
What is the remainder when 1320108 is divided by 1147?
1058
What is the remainder when 115411614 is divided by 10?
4
Calculate the remainder when 88164 is divided by 4789.
1962
What is the remainder when 2471698 is divided by 61?
39
Calculate the remainder when 2435865 is divided by 115979.
306
What is the remainder when 4616908 is divided by 202?
198
What is the remainder when 2656923 is divided by 1670?
1623
What is the remainder when 1374017 is divided by 305?
297
Calculate the remainder when 1432308 is divided by 179036.
20
Calculate the remainder when 2786778 is divided by 84.
78
Calculate the remainder when 2463839 is divided by 472.
471
What is the remainder when 7362393 is divided by 403?
389
What is the remainder when 5343867 is divided by 210?
207
Calculate the remainder when 378667064 is divided by 3219.
3218
Calculate the remainder when 66783 is divided by 2092.
1931
What is the remainder when 693092 is divided by 943?
930
What is the remainder when 1271041 is divided by 21914?
29
Calculate the remainder when 956155 is divided by 2490.
2485
Calculate the remainder when 1056931 is divided by 33027.
67
Calculate the remainder when 10353313 is divided by 8671.
139
What is the remainder when 16133335 is divided by 16133330?
5
Calculate the remainder when 138035249 is divided by 28999.
9
What is the remainder when 3150309 is divided by 4316?
3945
What is the remainder when 550149 is divided by 271344?
7461
Calculate the remainder when 19050433 is divided by 379.
377
Calculate the remainder when 228596749 is divided by 5515.
5514
Calculate the remainder when 128320 is divided by 1225.
920
What is the remainder when 288276 is divided by 2443?
2
Calculate the remainder when 120930253 is divided by 446.
29
Calculate the remainder when 14158039 is divided by 1433.
1432
What is the remainder when 1026684455 is divided by 1176?
1175
What is the remainder when 3020037 is divided by 335557?
24
Calculate the remainder when 334747 is divided by 111162.
1261
Calculate the remainder when 122294 is divided by 6434.
48
What is the remainder when 2647367 is divided by 139?
112
What is the remainder when 217224037 is divided by 79?
28
Calculate the remainder when 613046 is divided by 201532.
8450
What is the remainder when 75711155 is divided by 35?
30
What is the remainder when 561133 is divided by 817?
671
Calculate the remainder when 302389 is divided by 6023.
1239
Calculate the remainder when 1715327 is divided by 502.
495
Calculate the remainder when 301939091 is divided by 1222.
1221
What is the remainder when 15412685 is divided by 71355?
5
Calculate the remainder when 1467324 is divided by 467.
10
Calculate the remainder when 89211722 is divided by 82.
68
Calculate the remainder when 21751860 is divided by 651.
648
What is the remainder when 28339243 is divided by 1491539?
2
What is the remainder when 41836592 is divided by 426904?
0
Calculate the remainder when 214089 is divided by 3902.
3381
What is the remainder when 17030995 is divided by 3619?
3600
What is the remainder when 90695899 is divided by 416?
411
Calculate the remainder when 30896377 is divided by 10.
7
Calculate the remainder when 6747287 is divided by 1620.
1607
Calculate the remainder when 1764130 is divided by 87.
31
Calculate the remainder when 1552804 is divided by 6.
4
What is the remainder when 65120 is divided by 8041?
792
Calculate the remainder when 26109374 is divided by 1450520.
14
What is the remainder when 2321296 is divided by 28657?
79
Calculate the remainder when 3256006 is divided by 43413.
31
What is the remainder when 75038524 is divided by 86?
84
What is the remainder when 3544586 is divided by 177?
161
What is the remainder when 1246099037 is divided by 10?
7
What is the remainder when 4926952 is divided by 319?
316
What is the remainder when 17873657 is divided by 3574722?
47
What is the remainder when 9844909 is divided by 297?
250
Calculate the remainder when 4376670 is divided by 13.
12
What is the remainder when 329457472 is divided by 1249?
1248
Calculate the remainder when 225742432 is divided by 36724.
4
What is the remainder when 7505558 is divided by 1154?
1096
Calculate the remainder when 16713396 is divided by 220.
216
What is the remainder when 423398 is divided by 256?
230
Calculate the remainder when 26150 is divided by 1897.
1489
What is the remainder when 19014469 is divided by 4753611?
25
Calculate the remainder when 7487696 is divided by 1871889.
140
Calculate the remainder when 179548 is divided by 614.
260
Calculate the remainder when 69769714 is divided by 1710.
4
Calculate the remainder when 207723022 is divided by 15978694.
0
Calculate the remainder when 136600 is divided by 2336.
1112
Calculate the remainder when 447556548 is divided by 76.
72
Calculate the remainder when 24877050 is divided by 4.
2
What is the remainder when 14201288 is divided by 85?
83
Calculate the remainder when 1884429 is divided by 942214.
1
What is the remainder when 584277 is divided by 623?
526
What is the remainder when 11868735 is divided by 116360?
15
Calculate the remainder when 4546884 is divided by 174880.
4
Calculate the remainder when 1066397 is divided by 1066185.
212
What is the remainder when 490763 is divided by 246?
239
What is the remainder when 810733